{"id":642,"date":"2025-06-02T17:43:50","date_gmt":"2025-06-02T17:43:50","guid":{"rendered":"http:\/\/www.mymomentsworld.com.jakub-belau.pl\/?post_type=product&#038;p=642"},"modified":"2026-03-29T18:35:54","modified_gmt":"2026-03-29T17:35:54","slug":"antypotowa-wkladka-do-fotelika-beige-leaves","status":"publish","type":"product","link":"https:\/\/www.mymomentsworld.com\/pl\/sklep\/antypotowa-wkladka-do-fotelika-beige-leaves\/","title":{"rendered":"Antypotowa wk\u0142adka do fotelika Beige leaves"},"content":{"rendered":"<div id=\"box_description\" class=\"product-tab\" role=\"tabpanel\" data-tab=\"box_description\" aria-labelledby=\"box_description_tab\">\n<div class=\"innerbox\">\n<div class=\"resetcss fr-view\">\n<p><strong>Antypotowa wk\u0142adka do fotelika<\/strong> pasuje do wi\u0119kszo\u015bci fotelik\u00f3w samochodowych z pasami 3 i 5-cio punktowymi. Nasza<strong> wk\u0142adka bambusowa do fotelika<\/strong> ochroni fotelik przed zabrudzeniem, b\u0119dzie te\u017c idealna podczas upa\u0142\u00f3w, bambus dzi\u0119ki swoim w\u0142a\u015bciwo\u015bciom nie nagrzeje si\u0119 tak jak fotelik. Unikniemy odparze\u0144 maluszka, a tak\u017ce zachowamy estetyczny wygl\u0105d.<\/p>\n<p>Rozmiary wk\u0142adek:<\/p>\n<ul>\n<li>Bambusowa wk\u0142adka do pierwszych fotelik\u00f3w fotelik\u00f3w samochodowych 0-11\/ 13 kg.<\/li>\n<li>Bambusowa wk\u0142adka do fotelika 9-18 kg.<\/li>\n<\/ul>\n<p>Sk\u0142ad:<\/p>\n<ul>\n<li>100% wiskoza bambusowa najwy\u017cszej jako\u015bci. Wyj\u0105tkowe zalety tkanin bambusowych potwierdzi\u0142 Instytutu Matki i Dziecka wydaj\u0105c pozytywn\u0105 opini\u0119.\u00a0Bambus jest antybakteryjny, antyalergiczny i antygrzybiczny. Absorbuje wod\u0119 o 60% lepiej ni\u017c bawe\u0142na, poch\u0142ania nieprzyjemne zapachy i jest w pe\u0142ni biodegradowalny. Jest wolny od pestycyd\u00f3w i zanieczyszcze\u0144. Tkanina bambusowa w 30% sama si\u0119 sterylizuje.<\/li>\n<li>Siatka dystansowa \u00a0cechuje si\u0119 bardzo dobr\u0105 przepuszczalno\u015bci\u0105 powietrza oraz minimalnym poch\u0142anianiem wody i wilgoci. Zapewnia optymalny przep\u0142yw powietrza zapobiegaj\u0105c przy tym odparzeniom.<\/li>\n<\/ul>\n<p><span style=\"font-size: 16px;\">Zadbaj o produkty tak, aby zosta\u0142y z Tob\u0105 jak najd\u0142u\u017cej:\u00a0<\/span><\/p>\n<\/div>\n<\/div>\n<\/div>\n<div id=\"box_description\" class=\"product-tab\" role=\"tabpanel\" data-tab=\"box_description\" aria-labelledby=\"box_description_tab\">\n<div class=\"innerbox\">\n<div class=\"resetcss fr-view\">\n<ul>\n<li>Pra\u0107 w pralce, w temperaturze 30\u00b0C, program delikatny \u2013 obroty max 400 lub pra\u0107 r\u0119cznie (nie pociera\u0107, tylko delikatnie ugniata\u0107). Po praniu delikatnie wycisn\u0105\u0107, suszy\u0107 w pozycji roz\u0142o\u017conej.\u00a0Nie naci\u0105ga\u0107.<\/li>\n<li>Nie suszy\u0107 w suszarce b\u0119bnowej.<\/li>\n<li>Nie stosowa\u0107 wybielaczy.<\/li>\n<li>Nie pra\u0107 z szorstkimi, ostrymi elementami mog\u0105cymi zaci\u0105ga\u0107 tkanin\u0119.<\/li>\n<li>Prasowa\u0107 \u017celazkiem tylko tkanin\u0119 bawe\u0142nian\u0105 lub bambusow\u0105 \u2013 maksymalna temperatura 110\u00b0C.<\/li>\n<li>W wyniku u\u017cytkowania, cz\u0119stego prania i wystawiania na dzia\u0142anie promieni s\u0142onecznych produkty mog\u0105 ulec naturalnemu zu\u017cyciu \u2013 kolory mog\u0105 straci\u0107 intensywno\u015b\u0107. <em>Tego typu zu\u017cycie nie stanowi podstawy do reklamacji.\u00a0<\/em><\/li>\n<li>W wyniku u\u017cytkowania produkty z tkanin bambusowych mog\u0105 si\u0119 zaci\u0105ga\u0107, lub mechaci\u0107, jest to proces naturalny. kt\u00f3ry mo\u017cna zniwelowa\u0107 u\u017cywaj\u0105c golarki do ubra\u0144.\u00a0<em>Tego typu zu\u017cycie nie stanowi podstawy do reklamacji.<\/em><\/li>\n<li>Akcesoria montuj w spos\u00f3b poprawny.<\/li>\n<li>Uszkodzenie mechaniczne produktu, mog\u0105ce powsta\u0107 z powodu z\u0142ego zamontowania, lub zbyt du\u017cego napr\u0119\u017cenia <em>nie stanowi podstawy reklamacji.<\/em><\/li>\n<\/ul>\n<\/div>\n<\/div>\n<\/div>\n","protected":false},"excerpt":{"rendered":"<p>Antypotowa wk\u0142adka do fotelika pasuje do wi\u0119kszo\u015bci fotelik\u00f3w samochodowych z pasami 3 i 5-cio punktowymi. Nasza wk\u0142adka bambusowa do fotelika [&hellip;]<\/p>\n","protected":false},"featured_media":621,"comment_status":"open","ping_status":"closed","template":"","meta":{"_acf_changed":false,"site-sidebar-layout":"default","site-content-layout":"","ast-site-content-layout":"default","site-content-style":"default","site-sidebar-style":"default","ast-global-header-display":"","ast-banner-title-visibility":"","ast-main-header-display":"","ast-hfb-above-header-display":"","ast-hfb-below-header-display":"","ast-hfb-mobile-header-display":"","site-post-title":"","ast-breadcrumbs-content":"","ast-featured-img":"","footer-sml-layout":"","ast-disable-related-posts":"","theme-transparent-header-meta":"default","adv-header-id-meta":"","stick-header-meta":"","header-above-stick-meta":"","header-main-stick-meta":"","header-below-stick-meta":"","astra-migrate-meta-layouts":"set","ast-page-background-enabled":"default","ast-page-background-meta":{"desktop":{"background-color":"var(--ast-global-color-5)","background-image":"","background-repeat":"repeat","background-position":"center center","background-size":"auto","background-attachment":"scroll","background-type":"","background-media":"","overlay-type":"","overlay-color":"","overlay-opacity":"","overlay-gradient":""},"tablet":{"background-color":"","background-image":"","background-repeat":"repeat","background-position":"center center","background-size":"auto","background-attachment":"scroll","background-type":"","background-media":"","overlay-type":"","overlay-color":"","overlay-opacity":"","overlay-gradient":""},"mobile":{"background-color":"","background-image":"","background-repeat":"repeat","background-position":"center center","background-size":"auto","background-attachment":"scroll","background-type":"","background-media":"","overlay-type":"","overlay-color":"","overlay-opacity":"","overlay-gradient":""}},"ast-content-background-meta":{"desktop":{"background-color":"var(--ast-global-color-4)","background-image":"","background-repeat":"repeat","background-position":"center center","background-size":"auto","background-attachment":"scroll","background-type":"","background-media":"","overlay-type":"","overlay-color":"","overlay-opacity":"","overlay-gradient":""},"tablet":{"background-color":"var(--ast-global-color-4)","background-image":"","background-repeat":"repeat","background-position":"center center","background-size":"auto","background-attachment":"scroll","background-type":"","background-media":"","overlay-type":"","overlay-color":"","overlay-opacity":"","overlay-gradient":""},"mobile":{"background-color":"var(--ast-global-color-4)","background-image":"","background-repeat":"repeat","background-position":"center center","background-size":"auto","background-attachment":"scroll","background-type":"","background-media":"","overlay-type":"","overlay-color":"","overlay-opacity":"","overlay-gradient":""}}},"product_brand":[21],"product_cat":[57,63],"product_tag":[],"class_list":{"0":"post-642","1":"product","2":"type-product","3":"status-publish","4":"has-post-thumbnail","6":"product_brand-my-moments","7":"product_cat-akcesoria-do-wozka-i-fotelika","8":"product_cat-wkladki-antypotowe-do-fotelika","9":"pa_kolekcja-beige-leaves","10":"desktop-align-left","11":"tablet-align-left","12":"mobile-align-left","14":"first","15":"instock","16":"taxable","17":"shipping-taxable","18":"purchasable","19":"product-type-variable"},"acf":[],"_links":{"self":[{"href":"https:\/\/www.mymomentsworld.com\/pl\/wp-json\/wp\/v2\/product\/642","targetHints":{"allow":["GET"]}}],"collection":[{"href":"https:\/\/www.mymomentsworld.com\/pl\/wp-json\/wp\/v2\/product"}],"about":[{"href":"https:\/\/www.mymomentsworld.com\/pl\/wp-json\/wp\/v2\/types\/product"}],"replies":[{"embeddable":true,"href":"https:\/\/www.mymomentsworld.com\/pl\/wp-json\/wp\/v2\/comments?post=642"}],"wp:featuredmedia":[{"embeddable":true,"href":"https:\/\/www.mymomentsworld.com\/pl\/wp-json\/wp\/v2\/media\/621"}],"wp:attachment":[{"href":"https:\/\/www.mymomentsworld.com\/pl\/wp-json\/wp\/v2\/media?parent=642"}],"wp:term":[{"taxonomy":"product_brand","embeddable":true,"href":"https:\/\/www.mymomentsworld.com\/pl\/wp-json\/wp\/v2\/product_brand?post=642"},{"taxonomy":"product_cat","embeddable":true,"href":"https:\/\/www.mymomentsworld.com\/pl\/wp-json\/wp\/v2\/product_cat?post=642"},{"taxonomy":"product_tag","embeddable":true,"href":"https:\/\/www.mymomentsworld.com\/pl\/wp-json\/wp\/v2\/product_tag?post=642"}],"curies":[{"name":"wp","href":"https:\/\/api.w.org\/{rel}","templated":true}]}}

Antypotowa wkładka do fotelika Beige leaves

<div id="box_description" class="product-tab" role="tabpanel" data-tab="box_description" aria-labelledby="box_description_tab">
<div class="innerbox">
<div class="resetcss fr-view">
<p><strong>Antypotowa wkładka do fotelika</strong> pasuje do większości fotelików samochodowych z pasami 3 i 5-cio punktowymi. Nasza<strong> wkładka bambusowa do fotelika</strong> ochroni fotelik przed zabrudzeniem, będzie też idealna podczas upałów, bambus dzięki swoim właściwościom nie nagrzeje się tak jak fotelik. Unikniemy odparzeń maluszka, a także zachowamy estetyczny wygląd.</p>
<p>Rozmiary wkładek:</p>
<ul>
<li>Bambusowa wkładka do pierwszych fotelików fotelików samochodowych 0-11/ 13 kg.</li>
<li>Bambusowa wkładka do fotelika 9-18 kg.</li>
</ul>
<p>Skład:</p>
<ul>
<li>100% wiskoza bambusowa najwyższej jakości. Wyjątkowe zalety tkanin bambusowych potwierdził Instytutu Matki i Dziecka wydając pozytywną opinię. Bambus jest antybakteryjny, antyalergiczny i antygrzybiczny. Absorbuje wodę o 60% lepiej niż bawełna, pochłania nieprzyjemne zapachy i jest w pełni biodegradowalny. Jest wolny od pestycydów i zanieczyszczeń. Tkanina bambusowa w 30% sama się sterylizuje.</li>
<li>Siatka dystansowa  cechuje się bardzo dobrą przepuszczalnością powietrza oraz minimalnym pochłanianiem wody i wilgoci. Zapewnia optymalny przepływ powietrza zapobiegając przy tym odparzeniom.</li>
</ul>
<p><span style="font-size: 16px;">Zadbaj o produkty tak, aby zostały z Tobą jak najdłużej: </span></p>
</div>
</div>
</div>
<div id="box_description" class="product-tab" role="tabpanel" data-tab="box_description" aria-labelledby="box_description_tab">
<div class="innerbox">
<div class="resetcss fr-view">
<ul>
<li>Prać w pralce, w temperaturze 30°C, program delikatny – obroty max 400 lub prać ręcznie (nie pocierać, tylko delikatnie ugniatać). Po praniu delikatnie wycisnąć, suszyć w pozycji rozłożonej. Nie naciągać.</li>
<li>Nie suszyć w suszarce bębnowej.</li>
<li>Nie stosować wybielaczy.</li>
<li>Nie prać z szorstkimi, ostrymi elementami mogącymi zaciągać tkaninę.</li>
<li>Prasować żelazkiem tylko tkaninę bawełnianą lub bambusową – maksymalna temperatura 110°C.</li>
<li>W wyniku użytkowania, częstego prania i wystawiania na działanie promieni słonecznych produkty mogą ulec naturalnemu zużyciu – kolory mogą stracić intensywność. <em>Tego typu zużycie nie stanowi podstawy do reklamacji. </em></li>
<li>W wyniku użytkowania produkty z tkanin bambusowych mogą się zaciągać, lub mechacić, jest to proces naturalny. który można zniwelować używając golarki do ubrań. <em>Tego typu zużycie nie stanowi podstawy do reklamacji.</em></li>
<li>Akcesoria montuj w sposób poprawny.</li>
<li>Uszkodzenie mechaniczne produktu, mogące powstać z powodu złego zamontowania, lub zbyt dużego naprężenia <em>nie stanowi podstawy reklamacji.</em></li>
</ul>
</div>
</div>
</div>

<p>Antypotowa wkładka do fotelika pasuje do większości fotelików samochodowych z pasami 3 i 5-cio punktowymi. Nasza wkładka bambusowa do fotelika [&hellip;]</p>
